alse
Is 5 a factor of 10918?
False
Does 21 divide 3957757?
False
Is 86 a factor of 139000?
False
Is 7 a factor of 4907?
True
Does 118 divide 1991722?
True
Is 82 a factor of 169576?
True
Is 10645050 a multiple of 6?
True
Does 23 divide 123832?
True
Is 1243 a factor of 7389635?
True
Is 569305 a multiple of 56?
False
Is 326118 a multiple of 56?
False
Does 89 divide 389197?
True
Does 215 divide 935626?
False
Is 5 a factor of 20270?
True
Does 232 divide 1360680?
True
Is 2014347 a multiple of 10?
False
Is 144 a factor of 3602160?
True
Does 17 divide 149533?
False
Is 235850 even?
True
Is 19 a factor of 5633481?
True
Is 19 a factor of 5441182?
True
Does 78 divide 366527?
False
Is 869343 a multiple of 58?
False
Is 40 a factor of 696200?
True
Does 16 divide 10778922?
False
Is 120 a factor of 331680?
True
Is 2127884 a multiple of 137?
True
Is 10 a factor of 252628?
False
Is 31 a factor of 2025773?
False
Does 6 divide 194776?
False
Does 23 divide 265367?
False
Does 470 divide 2070680?
False
Does 464 divide 450132?
False
Is 1528623 a multiple of 132?
False
Is 11476432 a multiple of 197?
True
Does 130 divide 715260?
True
Is 174 a factor of 607260?
True
Does 96 divide 52320?
True
Does 13 divide 692450?
False
Does 382 divide 1258903?
False
Does 29 divide 12904846?
False
Is 2311621 a multiple of 3?
False
Is 375003 a multiple of 27?
True
Is 947004 a multiple of 3?
True
Is 28 a factor of 90720?
True
Does 12 divide 118320?
True
Is 26 a factor of 315926?
True
Is 9060507 a multiple of 17?
True
Is 21 a factor of 1227975?
True
Is 13 a factor of 1890548?
False
Is 2591862 a multiple of 546?
True
Is 981986 a multiple of 131?
False
Is 262518 a multiple of 19?
False
Is 268 a multiple of 9?
False
Is 19 a factor of 260889?
True
Is 47 a factor of 96867?
True
Is 214952 a multiple of 277?
True
Is 267572 a multiple of 443?
True
Does 9 divide 3310128?
True
Is 4001483 a multiple of 68?
False
Does 50 divide 1881750?
True
Does 11 divide 63019?
True
Is 41626 a multiple of 23?
False
Is 17069752 a multiple of 1841?
True
Is 145 a factor of 3520745?
True
Does 7 divide 96442?
False
Does 13 divide 315324?
False
Does 1633 divide 20957922?
True
Is 112 a factor of 30352?
True
Is 189 a factor of 7838533?
False
Is 9 a factor of 302688?
True
Does 12 divide 705211?
False
Is 961775 a multiple of 551?
False
Is 21 a factor of 8833044?
False
Is 367288 a multiple of 46?
False
Is 3922156 a multiple of 28?
True
Does 70 divide 556220?
True
Does 356 divide 5600522?
False
Does 8 divide 518288?
True
Is 131 a factor of 4086?
False
Does 706 divide 239021?
False
Is 97 a factor of 520190?
False
Does 11 divide 829770?
False
Is 10 a factor of 145258?
False
Does 8 divide 123104?
True
Is 460485 a multiple of 15?
True
Is 78 a factor of 1092?
True
Is 5747424 a multiple of 8?
True
Is 1304 a factor of 8284856?
False
Is 3 a factor of 519936?
True
Is 9718189 a multiple of 41?
True
Is 8 a factor of 736632?
True
Does 142 divide 32810?
False
Is 36508 a multiple of 49?
False
Is 26 a factor of 652210?
True
Does 35 divide 80644?
False
Is 3357330 a multiple of 255?
True
Is 11 a factor of 121495?
True
Is 4000911 a multiple of 660?
False
Is 246 a factor of 136121?
False
Is 11 a factor of 417719?
False
Is 128 a factor of 291968?
True
Does 46 divide 233450?
True
Is 24 a factor of 110695?
False
Is 241957 a multiple of 139?
False
Does 8 divide 556278?
False
Is 204085 a multiple of 343?
True
Is 7 a factor of 14609?
True
Does 18 divide 21249247?
False
Is 28990 a multiple of 5?
True
Is 186 a factor of 1901304?
False
Is 6728240 a multiple of 20?
True
Is 21 a factor of 14342?
False
Is 71 a factor of 9285794?
False
Is 28 a factor of 5290712?
True
Does 344 divide 64815?
False
Does 4 divide 243401?
False
Does 16 divide 118506?
False
Does 350 divide 155485?
False
Is 467 a factor of 5885134?
True
Is 526190 a multiple of 35?
True
Is 1407466 a multiple of 261?
False
Does 13 divide 1481246?
True
Is 8 a factor of 80840?
True
Is 1585108 a multiple of 14?
True
Is 10715722 a multiple of 270?
False
Is 318630 a multiple of 13?
True
Is 2 a factor of 1701?
False
Does 665 divide 3902220?
True
Does 6 divide 9552?
True
Is 32 a factor of 23629649?
False
Is 365 a factor of 14868832?
False
Does 7 divide 3668671?
False
Is 10682950 a multiple of 115?
False
Is 1831154 a multiple of 370?
False
Is 8 a factor of 440272?
True
Is 13917 a multiple of 3?
True
Does 49 divide 319137?
True
Does 2 divide 48502?
True
Is 20727 a multiple of 329?
True
Is 108 a factor of 322577?
False
Is 616673 a multiple of 52?
False
Is 30 a factor of 159030?
True
Is 10928138 a multiple of 712?
False
Is 12 a factor of 934871?
False
Is 28302469 a multiple of 13?
True
Is 20 a factor of 2665760?
True
Is 135 a factor of 3755699?
False
Does 39 divide 607432?
False
Does 155 divide 496310?
True
Is 1765398 a multiple of 121?
False
Is 18951813 a multiple of 81?
True
Is 323 a factor of 2476308?
False
Is 10 a factor of 2875751?
False
Is 451990 a multiple of 587?
True
Is 135 a factor of 193707?
False
Does 609 divide 363404?
False
Is 170050 a multiple of 190?
True
Does 92 divide 3650284?
True
Is 1240228 a multiple of 537?
False
Does 7 divide 3371772?
False
Does 251 divide 321929?
False
Does 254 divide 2828798?
True
Is 311948 a multiple of 4?
True
Does 153 divide 2237166?
True
Does 787 divide 4141854?
False
Does 40 divide 40280?
True
Is 24 a factor of 1178352?
True
Does 235 divide 1272567?
False
Does 136 divide 3050480?
True
Does 259 divide 3858182?
False
Does 14 divide 117087?
False
Is 91307 a multiple of 64?
False
Is 101 a factor of 18412704?
True
Does 100 divide 30163?
False
Does 137 divide 67267?
True
Is 683718 a multiple of 3?
True
Does 340 divide 1722440?
True
Is 6 a factor of 425245?
False
Is 23 a factor of 28428?
True
Is 223509 a multiple of 429?
True
Does 150 divide 15750?
True
Is 37323 a multiple of 39?
True
Is 466 a factor of 541340?
False
Does 2 divide 19755?
False
Does 281 divide 322290?
False
Is 12648325 a multiple of 1738?
False
Is 112832 a multiple of 688?
True
Is 207371 a multiple of 16?
False
Does 60 divide 671481?
False
Is 1077 a factor of 7739221?
False
Is 100630 a multiple of 29?
True
Is 2809 even?
False
Is 484 a factor of 2623764?
True
Is 13 a factor of 195319?
False
Is 12 a factor of 88480?
False
Does 34 divide 331976?
True
Is 670084 a multiple of 5?
False
Does 698 divide 508842?
True
Is 47 a factor of 19540252?
False
Is 63329 a multiple of 20?
False
Does 121 divide 32307?
True
Is 1402306 a multiple of 14?
False
Does 646 divide 12700360?
True
Is 299280 a multiple of 15?
True
Is 38 a factor of 157320?
True
Does 16 divide 88162?
False
Is 24 a factor of 575544?
True
Does 84 divide 303667?
False
Does 72 divide 887184?
True
Is 114 a factor of 504748?
False
Is 291402 a multiple of 131?
False
Is 201 a factor of 632346?
True
Is 321989 a multiple of 94?
False
Is 3298760 a multiple of 5?
True
Does 26 divide 635966?
False
Does 43 divide 1417658?
False
Is 633097 a multiple of 50?
False
Is 105 a factor of 1286887?
False
Is 2 a factor of 26920?
True
Does 11 divide 233585?
True
Does 31 divide 2910714?
True
Is 6888 a multiple of 9?
False
Is 339 a factor of 1454988?
True
Is 3291777 a multiple of 8?
False
Does 74 divide 746074?
False
Is 10409389 a multiple of 1403?
False
Is 110 a factor of 47520?
True
Does 10 divide 580666?
False
Is 290764 a multiple of 199?
False
Does 1085 divide 254975?
True
Is 425920 a multiple of 352?
True
Does 437 divide 123522?
False
Is 20 a factor of 2577260?
True
Is 3272011 a multiple of 353?
False
Is 675216 a multiple of 9?
True
Is 30052 a multiple of 4?
True
Is 43 a factor of 106081?
True
Is 19 a factor of 39492?
False
Is 19 a factor of 7822849?
False
Does 10 divide 755820?
True
Does 976 divide 161850?
False
Does 58 divide 382916?
True
Is 94199 a multiple of 201?
False
Is 25 a factor of 393150?
True
Does 417 divide 247858?
False
Is 17 a factor of 14641573?
True
Is 228905 a multiple of 94?
False
Is 1340 a factor of 12589300?
True
Is 6 a factor of 634082?
False
Does 804 divide 645612?
True
Is 84 a factor of 768852?
True
Does 126 divide 350154?
True
Does 105 divide 804764?
False
Is 140 a factor of 2196320?
True
Does 12 divide 6724171?
False
Is 428 a factor of 12925172?
True
Is 17 a factor of 1506232?
False
Is 332007 a multiple of 12?
False
Does 323 divide 38348?
False
Does